{"id":24750,"date":"2025-10-28T08:58:13","date_gmt":"2025-10-28T08:58:13","guid":{"rendered":"https:\/\/www.hanger-tools.com\/?product=lampe-frontale-300-lumens-spectre-hanger-170107"},"modified":"2025-10-31T09:28:13","modified_gmt":"2025-10-31T09:28:13","slug":"lampe-frontale-300-lumens-spectre-hanger-170107","status":"publish","type":"product","link":"https:\/\/www.hangertools.fr\/?product=lampe-frontale-300-lumens-spectre-hanger-170107","title":{"rendered":"Lampe frontale 300 lumens Spectre HANGER 170107"},"content":{"rendered":"<p>Cette lampe frontale d&rsquo;une puissance de 300 lumens dispose d&rsquo;un \u00e9clairage fort, l\u00e9ger ou stroboscope \u00e9clairant jusque 150 m\u00e8tres. Gr\u00e2ce \u00e0 sa batterie 3,7 V 3600 mAh Lithium, vous disposez d&rsquo;une autonomie allant jusque 4h en \u00e9clairage fort et jusque 8h en \u00e9clairage l\u00e9ger. Sa lani\u00e8re est ajustable et sa t\u00eate inclinable.<\/p>\n<p><strong>Caract\u00e9ristiques techniques :<br \/><\/strong><\/p>\n<ul>\n<li>Port\u00e9e max. : 150 m<\/li>\n<li>Indice de protection : IP20<\/li>\n<li>Batterie : 3,7 V 3600 mAh Lithium<\/li>\n<li>Poids : 240 g<\/li>\n<\/ul>\n","protected":false},"excerpt":{"rendered":"<p>nan<\/p>\n","protected":false},"featured_media":24749,"template":"","meta":{"_acf_changed":false,"_et_pb_use_builder":"","_et_pb_old_content":"","_et_gb_content_width":"","_cloudinary_featured_overwrite":false},"product_brand":[],"product_cat":[15,4459],"product_tag":[4066],"class_list":{"0":"post-24750","1":"product","2":"type-product","3":"status-publish","4":"has-post-thumbnail","6":"product_cat-produits","7":"product_cat-eclairage","8":"product_tag-hanger","10":"first","11":"instock","12":"shipping-taxable","13":"purchasable","14":"product-type-simple"},"acf":[],"amp_enabled":false,"_links":{"self":[{"href":"https:\/\/www.hangertools.fr\/index.php?rest_route=\/wp\/v2\/product\/24750","targetHints":{"allow":["GET"]}}],"collection":[{"href":"https:\/\/www.hangertools.fr\/index.php?rest_route=\/wp\/v2\/product"}],"about":[{"href":"https:\/\/www.hangertools.fr\/index.php?rest_route=\/wp\/v2\/types\/product"}],"wp:featuredmedia":[{"embeddable":true,"href":"https:\/\/www.hangertools.fr\/index.php?rest_route=\/wp\/v2\/media\/24749"}],"wp:attachment":[{"href":"https:\/\/www.hangertools.fr\/index.php?rest_route=%2Fwp%2Fv2%2Fmedia&parent=24750"}],"wp:term":[{"taxonomy":"product_brand","embeddable":true,"href":"https:\/\/www.hangertools.fr\/index.php?rest_route=%2Fwp%2Fv2%2Fproduct_brand&post=24750"},{"taxonomy":"product_cat","embeddable":true,"href":"https:\/\/www.hangertools.fr\/index.php?rest_route=%2Fwp%2Fv2%2Fproduct_cat&post=24750"},{"taxonomy":"product_tag","embeddable":true,"href":"https:\/\/www.hangertools.fr\/index.php?rest_route=%2Fwp%2Fv2%2Fproduct_tag&post=24750"}],"curies":[{"name":"wp","href":"https:\/\/api.w.org\/{rel}","templated":true}]}}