{"id":24138,"date":"2025-10-28T08:32:05","date_gmt":"2025-10-28T08:32:05","guid":{"rendered":"https:\/\/www.hanger-tools.com\/?product=cassette-10m-h05vv-f-3g1-5mm%c2%b2-hanger-600014-2"},"modified":"2025-10-31T08:33:04","modified_gmt":"2025-10-31T08:33:04","slug":"cassette-10m-h05vv-f-3g1-5mm%c2%b2-hanger-600014-2","status":"publish","type":"product","link":"https:\/\/www.hangertools.fr\/?product=cassette-10m-h05vv-f-3g1-5mm%c2%b2-hanger-600014-2","title":{"rendered":"Cassette 10M H05VV-F 3G1.5mm\u00b2 HANGER 600014"},"content":{"rendered":"<p>La cassette plastique 10 m\u00e8tres \u00e9quip\u00e9e d&rsquo;un c\u00e2ble H05VV-F section 3G 1,5 mm\u00b2 de Hanger est la solution id\u00e9ale pour alimenter les appareils en toute s\u00e9curit\u00e9. Son syst\u00e8me de protection thermique pr\u00e9vient les surchauffes, garantissant une utilisation fiable. Dot\u00e9e de 4 prises avec protection enfant, elle assure une s\u00e9curit\u00e9 optimale, m\u00eame en pr\u00e9sence des plus jeunes. De plus, son rabatteur de c\u00e2ble permet de ranger facilement le c\u00e2ble apr\u00e8s usage, tandis que sa poign\u00e9e ergonomique facilite le transport sur les chantiers ou \u00e0 la maison.<\/p>\n<p>\u00a0<\/p>\n<h3>Caract\u00e9ristiques techniques :<\/h3>\n<ul>\n<li>Tension : 230 V<\/li>\n<li>C\u00e2ble : H05VV-F<\/li>\n<li>Section : 3G 1,5 mm\u00b2<\/li>\n<li>Protection thermique<\/li>\n<li>Socle : 4 prises 2P + T<\/li>\n<\/ul>\n<p><b>Puissance maximale :<\/b><\/p>\n<ul>\n<li>Enroul\u00e9 : 1000 W<\/li>\n<li>D\u00e9roul\u00e9 : 3000 W<\/li>\n<\/ul>\n","protected":false},"excerpt":{"rendered":"<p>nan<\/p>\n","protected":false},"featured_media":24137,"template":"","meta":{"_acf_changed":false,"_et_pb_use_builder":"","_et_pb_old_content":"","_et_gb_content_width":"","_cloudinary_featured_overwrite":false},"product_brand":[],"product_cat":[15,4439,4440],"product_tag":[4066],"class_list":{"0":"post-24138","1":"product","2":"type-product","3":"status-publish","4":"has-post-thumbnail","6":"product_cat-produits","7":"product_cat-electricite","8":"product_cat-outils","9":"product_tag-hanger","11":"first","12":"instock","13":"shipping-taxable","14":"purchasable","15":"product-type-simple"},"acf":[],"amp_enabled":false,"_links":{"self":[{"href":"https:\/\/www.hangertools.fr\/index.php?rest_route=\/wp\/v2\/product\/24138","targetHints":{"allow":["GET"]}}],"collection":[{"href":"https:\/\/www.hangertools.fr\/index.php?rest_route=\/wp\/v2\/product"}],"about":[{"href":"https:\/\/www.hangertools.fr\/index.php?rest_route=\/wp\/v2\/types\/product"}],"wp:featuredmedia":[{"embeddable":true,"href":"https:\/\/www.hangertools.fr\/index.php?rest_route=\/wp\/v2\/media\/24137"}],"wp:attachment":[{"href":"https:\/\/www.hangertools.fr\/index.php?rest_route=%2Fwp%2Fv2%2Fmedia&parent=24138"}],"wp:term":[{"taxonomy":"product_brand","embeddable":true,"href":"https:\/\/www.hangertools.fr\/index.php?rest_route=%2Fwp%2Fv2%2Fproduct_brand&post=24138"},{"taxonomy":"product_cat","embeddable":true,"href":"https:\/\/www.hangertools.fr\/index.php?rest_route=%2Fwp%2Fv2%2Fproduct_cat&post=24138"},{"taxonomy":"product_tag","embeddable":true,"href":"https:\/\/www.hangertools.fr\/index.php?rest_route=%2Fwp%2Fv2%2Fproduct_tag&post=24138"}],"curies":[{"name":"wp","href":"https:\/\/api.w.org\/{rel}","templated":true}]}}